 n - 2. Let j be y(-6). Let h(m) = m - 4. Let s be h(j). Suppose 0*g - 5*g + 25 = s. What is the units digit of g?
5
Suppose -y + 566 = -1315. What is the tens digit of y?
8
Let h(v) = 14 - 4*v - v**2 + 11*v + v + 3*v. Let t(n) = n**3 - 6*n**2 + 7*n + 2. Let z be t(5). What is the units digit of h(z)?
2
Suppose k - 1288 = 8*k. Let a = k + 313. What is the units digit of a?
9
Suppose 2*w - h = 3504 - 561, w + h - 1470 = 0. What is the thousands digit of w?
1
Let g = 71 + -23. Let i = g - 42. What is the units digit of i?
6
What is the tens digit of ((-1704)/(-10))/4*5?
1
Let h(v) = 15*v**2. Let o = 10 - 9. Let j(p) = -p**3 - p**2 + 1. Let b be j(o). What is the units digit of h(b)?
5
Let d(w) = -w**2 + 20*w + 3. Let u(z) = -z**2 + 13*z + 2. Let o(y) = 5*d(y) - 8*u(y). Let b = 804 + -808. What is the units digit of o(b)?
3
Let x(k) = -560*k + 8. What is the tens digit of x(-1)?
6
Suppose -5*a = -8*a. Suppose a = 6*k - k + 10, 0 = 4*r + 2*k - 4. Suppose 0 = -5*t - 10, -5*t - 122 = -r*h - 2*h. What is the units digit of h?
8
Let u(s) = s**2 - 2*s + 4. Let k be u(2). What is the units digit of k/(-18) + (-2608)/(-72)?
6
Let s = -48 + 51. Suppose 2*a - 27 - 20 = 3*r, 0 = -4*a + s*r + 97. What is the units digit of a?
5
Let m = 959 + -702. What is the tens digit of m?
5
Let r be (-8)/(-2) + -1 + (3 - 2). Suppose -471 = -2*c - 3*o, 3*o + 632 + 265 = r*c. What is the units digit of c?
8
Suppose -24*j + 19*j + 3235 = 0. What is the hundreds digit of j?
6
Let k = 257 - 14. Let c = k - 10. What is the tens digit of c?
3
Let v(d) be the third derivative of d**4/6 - d**3/3 + 5*d**2. Let h be v(1). What is the tens digit of ((-28)/(-70))/(h/100)?
2
Let v(x) = -4*x**3 + 2*x**2 + 28*x + 8. What is the units digit of v(-5)?
8
Suppose -7*c + 70 = -0. Suppose -2*d = c*d - 1824. What is the units digit of d?
2
Suppose 0*w = -o - w - 5, 3*o - 5*w = -23. Let u = 0 + o. What is the units digit of 2/u*-1*63?
1
Suppose 140 = 6*j + j. What is the tens digit of ((-32)/(-10))/(j/100)?
1
Suppose 14*z = 12*z + 18. Let d(l) = l**3 - 8*l**2 - l + 3. What is the tens digit of d(z)?
7
What is the units digit of 3 + 15 + -6 - -2960?
2
Suppose -o - 3*g - 2*g = 9, -2*o = 2*g + 10. Let i be -15 + 37 - o/2. What is the units digit of (-138)/5*(-60)/i?
9
Let z = -195 - -211. What is the tens digit of z?
1
Let p = 72 - 38. Let j = p + -12. Suppose 122 + j = 4*b. What is the units digit of b?
6
Let m be 2/(3/(18 - 0)). Suppose 16*h = m*h + 56. What is the units digit of h?
4
Suppose 3*c - 1 = -t + 8, -3*c = -2*t - 18. Let m(n) = 5*n + 6. What is the units digit of m(c)?
6
Suppose 299 = 3*f - 64. What is the tens digit of f?
2
Let r(n) = n**3 - 7*n**2 - 8*n. Let d be r(8). Suppose d = 20*f - 15*f - 715. What is the units digit of f?
3
Suppose -1889*a + 1998 = -1886*a. What is the units digit of a?
6
Suppose -8030 = -4*y - 69*y. What is the hundreds digit of y?
1
Let v = 2546 - -1401. What is the units digit of v?
7
Suppose 3*g + 2*d + 2*d - 26 = 0, -4*g - 3*d + 23 = 0. Suppose 2*x + v = -g*x - 50, -4*v + 16 = -2*x. Let r = x - -18. What is the units digit of r?
6
Let k(r) = -r**2 - 4*r + 4. Let d be k(-5). Let p = -10 - d. What is the units digit of 4/6 + (-48)/p?
6
Suppose -7*r = 9*r - 5728. What is the units digit of r?
8
What is the units digit of 1842/6 - (-5 + 1)?
1
Suppose 12 = 2*g - 14*g. What is the tens digit of (6/(-2))/(210/219 + g)?
7
Let c(y) = -13*y + 237. What is the hundreds digit of c(8)?
1
Suppose 0 = -4*n + x + 12, n + 11*x = 9*x - 6. Suppose n*k + 92 = b, 0*b - 5*k = -3*b + 273. What is the tens digit of b?
8
Let c(x) = 179*x + 117. What is the hundreds digit of c(13)?
4
Suppose -7*j - 169 = 118. Let n = 87 + j. What is the tens digit of n?
4
Let t = -7 - -6. Let v(d) = -d**3 - 2*d**2 + 42. Let s be v(0). What is the units digit of (s/35)/(t/(-15))?
8
Let f(s) = -s**3 - s**2 - s + 2. Let a be f(0). Suppose o - 2*o = l - 27, -a*o - l = -51. What is the tens digit of o?
2
Let l(u) = 3*u**2 + 62*u + 35. What is the tens digit of l(-28)?
5
Let t(k) be the first derivative of 0*k**2 + 3 + 1/3*k**3 - k. What is the units digit of t(3)?
8
Let t(p) = 4*p + 2. Let w be t(2). Let j = w - 10. Suppose 2*q - 7*q - 21 = -2*i, j = i + 5*q - 3. What is the units digit of i?
8
Let b(t) = t + 7. Let q = -8 - -9. Let h(x) = -x. Let l(m) = q*b(m) - 5*h(m). What is the units digit of l(7)?
9
Let p(o) be the second derivative of o**5/20 + 3*o**4/4 + o**3/2 - 5*o**2/2 + 5*o. Let a be p(-4). Suppose 4*m + a = 151. What is the tens digit of m?
2
Let m = 1806 - 906. What is the tens digit of m?
0
Suppose d - 16 = 5*b, -5*d - 5*b = 2 + 8. Suppose d = -3*p - 11, -103 = -3*y - 2*p. What is the tens digit of 1/2*(y - 1)?
1
Let g = -272 + 468. Suppose 3*y = -g + 484. What is the units digit of y?
6
Suppose -7*p = -3653 - 6539. What is the hundreds digit of p?
4
Let h be (-1)/((5 - 10)/(-5)). What is the hundreds digit of -1 - -2 - (-1 - -242)/h?
2
Let z be 76/6*(-3)/(-6)*-21. Let p = 207 + z. What is the units digit of p?
4
Suppose 4*w = -3*u - 49, -2*u - 26 = 2*w - w. Let t = 15 + u. Suppose t*s = 2*m - 104, 0*s = -2*m - 2*s + 122. What is the units digit of m?
8
Suppose -2*w - 4*i = -5*w + 379, 4*w - 503 = 3*i. What is the hundreds digit of w?
1
Let x(s) = 6*s - 3. Let m(z) = z**3 - 6*z**2 + 6*z. Let i be m(5). Suppose -4 - 21 = -i*y. What is the units digit of x(y)?
7
Let f = -146 - -79. Let a = -22 - f. Suppose 2*j + 2*z = 38, z - 4*z = -3*j + a. What is the units digit of j?
7
Suppose 24*v - 34*v = -11410. What is the tens digit of v?
4
Let y(w) = 9*w + 1 + 7 - 14. What is the units digit of y(4)?
0
Let u be (((-1)/1)/2*0)/(-2). Suppose u*t = 8*t - 496. What is the units digit of t?
2
Suppose -1011 = 6*n - 4053. What is the tens digit of n?
0
Let m = -33 - -178. Let v = m - 72. What is the units digit of v?
3
Let l = 14 - 9. What is the units digit of 188/20 + (-2)/l?
9
Let f(p) = 4*p - 8. Let d(h) = 1 + 4 - 7*h + 10. Let w(l) = 3*d(l) + 5*f(l). What is the units digit of w(0)?
5
Suppose 4*z - 5*z + 150 = -4*t, -5*z + 4*t = -702. Suppose 4*v = z - 18. What is the units digit of v?
0
Let s(p) = 13*p**2 + 7*p - 20. What is the hundreds digit of s(6)?
4
Let x(b) = -b**3 + 15*b**2 + 19*b + 27. Let d be x(15). Let v = d + -99. What is the tens digit of v?
1
Let r = 93 - 88. Suppose 0 = -4*q + r*q - 176. What is the tens digit of q?
7
Let r(l) = 2114*l**3 - 7*l + 7. What is the units digit of r(1)?
4
Let r(q) = 10*q**2 - 3*q + 25. What is the tens digit of r(7)?
9
Let x = 8 + -8. Suppose -22*z + 25*z - 12 = x. Suppose -z*f + 30 + 94 = 0. What is the tens digit of f?
3
Suppose -222 = -5*k + 13. Let v = k + -75. Let d = v + 46. What is the tens digit of d?
1
Let v be 1530/12 + (-3)/(-6). Suppose 3*d - 95 = 5*c + v, c + 75 = d. Suppose 38 = a + y, 3*y = 3*a - d - 26. What is the units digit of a?
6
Let t(w) = w**2 + 8*w - 31. What is the units digit of t(25)?
4
Let l(c) = -42*c - 3. Let z be l(3). Let b = z + 205. What is the tens digit of b?
7
Let m(t) = -t - 5. Let p be m(-10). Let u(w) = w**3 - 3*w**2 - 5*w - 3. Let v be u(p). Let r = v + 28. What is the tens digit of r?
5
Suppose 76 = -4*p - 4*d, -4*p + 3*p - 13 = -5*d. What is the units digit of (6/p*1)/(2/(-666))?
1
Suppose -9 = -3*h - 3. Let b(q) = -8. Let v(x) = x**2 - 9. Let n(g) = -6*b(g) + 5*v(g). What is the units digit of n(h)?
3
Let r be -12*(-1 - 4/(-8)). Suppose -m - m = -r. Suppose -8*j + m*j + 110 = 0. What is the tens digit of j?
2
Suppose 0 = q + 4 - 2. Let v be q/11 - 1688/(-88). Let t = v - 1. What is the units digit of t?
8
Suppose -4*j = -443 + 151. Let g = j + 38. Suppose 3*s - g = 3*a, 5*s = 2*a + 104 + 96. What is the units digit of s?
2
Let k(a) = -a**2 + 5*a - 3. Let y be k(5). Let w be (2 - -1) + (y - -3). Suppose 0*n - w*n + 36 = 0. What is the units digit of n?
2
Let y(v) = -4*v. Let b be y(9). Let x = b - 36. Let j = x + 105. What is the units digit of j?
3
Let i(b) = -182*b - 14. What is the units digit of i(-5)?
6
Let c be (-2 + 2)*1*-1. Suppose 3*v - 4*i - 249 = -c*v, v - 2*i = 83. What is the tens digit of v?
8
Let q(a) = a**2 + 5*a + 7. Let p be q(5). Let o = p - 42. What is the units digit of o?
5
Let y = -178 + 280. Let q = -55 - -124. Let o = y - q. What is the tens digit of o?
3
Suppose 0 = h + 3*h - 300.